prime factors of m(-5).
2, 3
Suppose 2*u - 60 = -2*t, -5*u - t + 142 = -0*u. List the prime factors of u.
2, 7
Let i = 2 - 24. Let b = -11 - i. List the prime factors of b.
11
List the prime factors of 193*-2*5/(-10).
193
Suppose 0 = 4*j + 1 - 9. Suppose w + 3 = 14. Suppose j*z - w = z. List the prime factors of z.
11
Let d = 6 - 4. Suppose -d*a = -a - 24. Suppose -5*t + 1 = -a, -27 = -2*y - t. List the prime factors of y.
11
Let f be 10 - (-2 - -1 - -2). Let u be (-6)/9 + 456/f. Suppose 0*w + 30 = 3*b - w, 5*b - 4*w = u. List the prime factors of b.
2, 5
Let u = -12 + 40. Suppose -3*h + 15 = -0*h, s + 5*h = u. Suppose s*j - 4*d - 52 = 0, -d + 18 + 26 = 4*j. What are the prime factors of j?
2, 3
Suppose 0 = -3*u - 4*x + 11, 4*x + 10 = 3*u - 9. Suppose -2*t - 2*t = 2*q - 40, u*q - 114 = 4*t. List the prime factors of q.
2, 11
Suppose s + 14 - 74 = 0. List the prime factors of s.
2, 3, 5
Let v(b) = -6*b - 5. List the prime factors of v(-3).
13
Let j(p) = -p**3 + 2*p**2 + 2*p - 2. Let l be j(2). Suppose 2*v - 26 = -6. Let q = v + l. What are the prime factors of q?
2, 3
Let d = 288 - 157. What are the prime factors of d?
131
Let s be (-2)/5 - 34/(-10). Suppose s*c - 18 = 126. What are the prime factors of (c/15)/(6/15)?
2
Let h(s) = 3*s**2 + 13*s + 6. What are the prime factors of h(-6)?
2, 3
Let a = 0 + -3. Let z = a + 12. What are the prime factors of z?
3
Let u = 9 + -19. Let s = u + 16. List the prime factors of s.
2, 3
Suppose 5*w = 2*c - 13, -w - 3 = -c - 2*w. Let x = c - 2. Suppose 0 = -x*a, 3*u = -2*a + 5*a + 21. List the prime factors of u.
7
Let y(d) = d**3 - 6*d**2 + 4*d + 8. List the prime factors of y(6).
2
Let w(x) = -x - 5. Let i be w(-8). Suppose i*d - 4*v - 16 = -2*d, 4*d - 4*v - 12 = 0. What are the prime factors of d?
2
What are the prime factors of -2 + -1 + (3 + -3 - -60)?
3, 19
Suppose c = -5*w + 440, -w + 6*c + 88 = c. Let v = w - 37. Suppose 0 = 4*f + 19 - v. List the prime factors of f.
2
List the prime factors of (-1 - 4/(-6))/(7/(-168)).
2
Let z = -2 - -3. Let l be -2 + 3 - (-1)/z. Suppose l*w = -3*w + 4*a + 68, 0 = 2*w - a - 26. List the prime factors of w.
2, 3
Let i(m) = -m**3 - m + 30. List the prime factors of i(0).
2, 3, 5
Let w be 2/(-5) - (-3048)/20. Suppose 0 = v + 5*f + 26, 0 = v - 6*v - 3*f - w. Let a = -22 - v. What are the prime factors of a?
3
Suppose -5*b + 3 = -6*d + 3*d, -b = -2*d - 2. Let h = b + 2. Suppose h*q = -3*q + 25. What are the prime factors of q?
5
Let t = -165 - -247. What are the prime factors of t?
2, 41
Suppose -6*d + 20 = -d. What are the prime factors of d?
2
Let r be 4/6 - 16/6. Let u(g) = -g**3 + 2*g**2 + 4*g + 3. What are the prime factors of u(r)?
11
Let a(w) = w**2 + 5*w - 10. Let q be a(-7). Let g be 3*4/30*10. Suppose -s + g*d = s - 34, -s - q*d = -17. What are the prime factors of s?
17
Let q = 22 + -2. List the prime factors of (25/q)/((-1)/(-12)).
3, 5
Let a = 9 + -3. What are the prime factors of 395/35 + a/(-21)?
11
Let f = 29 + -30. Let l(r) = -6 + 2 + 3 - 8*r. What are the prime factors of l(f)?
7
Suppose -3*y + 4*y - 80 = 0. Suppose z = -4*z + y. List the prime factors of z.
2
Let j be (2 - 0) + -8*1. Let k(q) = -q**2 - 7*q + 2. Let o be k(j). Suppose -5*x - o = -58. What are the prime factors of x?
2, 5
Let n(u) = u**3 + 7*u**2 - 3*u + 7. List the prime factors of n(-4).
67
Let t = -12 - -8. What are the prime factors of (4 + -2)/(t/(-6))?
3
Let z(q) = 4*q - 4*q + 2*q. List the prime factors of z(6).
2, 3
What are the prime factors of (-895)/(-8) - ((-4)/(-32))/(-1)?
2, 7
Let t be 4/12 + 118/6. Suppose 0*a - 4*a + t = 0. Suppose 0 = 2*o + 2*o + a*c - 68, -72 = -5*o - 3*c. List the prime factors of o.
2, 3
Let g(j) = 7*j - 35. List the prime factors of g(16).
7, 11
Suppose 2*m = 4*p - 0 + 8, -p = -2*m + 8. What are the prime factors of m?
2
What are the prime factors of (-67)/(-1) - (-10 + 8)?
3, 23
List the prime factors of 3/2*72/27.
2
Let q(u) = u**3 + 9*u**2 - 9*u + 4. Let l be q(-10). Let r(y) = -y - 4. Let g be r(0). List the prime factors of (g/(-6))/(l/(-27)).
3
Suppose 47 = 2*m - 137. List the prime factors of m.
2, 23
Let d(k) = -k**3 + 8*k**2 + 29*k - 14. List the prime factors of d(10).
2, 19
Suppose -3*s = -3 - 9. Suppose -k + 44 = 4*y, 0 = s*y + 4*k - 21 - 35. What are the prime factors of y?
2, 5
Let t be -1 + -1 - (1 - 0). Let a = t + 8. Suppose 3*o = 0, a*l - o = -0*l + 30. What are the prime factors of l?
2, 3
Suppose -2*l = 2*l - 4. Let k(i) = i**2 - i**3 + l - 5*i**2 + 4*i - 6*i. List the prime factors of k(-4).
3
Suppose 10*s = 6*s + 604. What are the prime factors of s?
151
Let z(l) be the second derivative of -l**3/6 + 9*l**2/2 + 2*l. Let k be z(6). Suppose -2*c + 24 = 4*s, k*s - 8 = 4*c - 1. List the prime factors of s.
5
Let o(t) = 3*t + 3. Let b be o(8). Let i = b + -12. What are the prime factors of i?
3, 5
Let p be (-4 + 3)*(-6)/2. Suppose 0 = -p*w + 3*v + 51, 10*w - 3*v - 75 = 5*w. What are the prime factors of w?
2, 3
Let r = -19 - -13. Let g = 2 + r. Let p = 3 - g. What are the prime factors of p?
7
Suppose 6*u - 3*m = 5*u + 54, m = -5*u + 238. What are the prime factors of u?
2, 3
Suppose -2*i = 2*i - 56. Let y(n) = 22*n. Let c be y(1). Let h = c - i. List the prime factors of h.
2
Let k(x) = 2*x**2 + 5*x + 2. Suppose 3*o + o + 16 = 0. List the prime factors of k(o).
2, 7
Suppose -2*t + 40 = -5*q, -5*q + 102 = 4*t - 4*q. Suppose 0 = -3*f + 19 - 1. Let d = t - f. What are the prime factors of d?
19
Let o be (10/4)/((-40)/(-32)). Suppose 3*x - 24 - 136 = -2*k, o*x + 3*k - 100 = 0. List the prime factors of x.
2, 7
Let c = -8 + 6. List the prime factors of (c + -49)*(-2)/6.
17
Let d = -48 + 32. Let y = -11 - d. List the prime factors of y.
5
Let u = 33 + 7. Suppose 6*x - u = x. What are the prime factors of x?
2
Suppose 7*q - 258 = q. What are the prime factors of q?
43
Let l = -1 - -1. Suppose -6*q - 54 = 24. Let c = l - q. List the prime factors of c.
13
Suppose 4*v - 5*o - 13 = v, -4*v = -4*o - 12. Suppose -v = 3*n - 10. Suppose n*q = 2*q + 2. List the prime factors of q.
2
Let a(l) = l**2 + 2*l + 1. Let f = 7 - 10. Let y be a(f). Suppose 5*k = y*p - 29, 2*p - 3*k = p + 9. List the prime factors of p.
2, 3
Suppose -6 = 4*l - 2. Let w = 4 + l. Suppose -5*x + 60 = 3*b, -7 = -3*x - w*b + 7*b. List the prime factors of x.
3
Let d be 6/(-2) - (1 - 2). Let m be (2/d)/(2/(-26)). Suppose m + 11 = 3*j. List the prime factors of j.
2
Let r be (-3 - -2) + 0 + 2. Let h be 1/r - 2 - 0. What are the prime factors of (-1 - -4*2) + h?
2, 3
Suppose 2*g = 147 + 27. What are the prime factors of g?
3, 29
Suppose 2*x + 4*p = -90, 2*x - 4*p = -0*x - 114. Let b = x - -75. List the prime factors of b.
2, 3
Let g(t) = 94*t**2. List the prime factors of g(1).
2, 47
Suppose 4*x + 57 = -3*u, -4*x + 3*u = 2*u + 45. Let h be 208/3 + (-8)/x. Suppose f = 6*f - h. What are the prime factors of f?
2, 7
Let q(f) = -f + 1. Suppose -5*c + 24 = 3*j - 5*j, -j - 12 = -2*c. What are the prime factors of q(j)?
13
Suppose -4*n - 5 = 23. Let m = n + 3. Let x = m + 6. List the prime factors of x.
2
Let i = 128 - 43. List the prime factors of i.
5, 17
Let i(p) = p. Suppose -2*n + 4 = -0*n. Let d be i(n). Suppose 44 = 4*o + 4*v, d*o + o - 51 = 3*v. List the prime factors of o.
2, 7
Let l(z) = 7*z - 2. Let h be l(2). Let s = 4 - h. Let g = s - -13. List the prime factors of g.
5
List the prime factors of 64 - (-1)/(4/12).
67
What are the prime factors of 238*(-2)/((-4)/1)?
7, 17
Suppose 2*y - 5*v = -20, 2*y + 0*v - 8 = -2*v. Suppose -4*g = -y*g + 4. What are the prime factors of (-3)/((-3)/(g + 4))?
3
Let s = 12 + -1. Suppose -v + 2*y - 1 = 0, 2*v + 3*y + s = -2*y. Let r(i) = -2*i - 4. List the prime factors of r(v).
2
Let c(x) = -x**2 + 7*x + 11. Let g be c(8). Let o be -1*(g - (8 - 2)). Let q = o - 0. What are the prime factors of q?
3
Let n be (-14)/77 + 2/11. Suppose -5*a = 4*c + 15, -2*c + a - 25 = -n*c. What are the prime factors of (-290)/(-25) - 4/c?
2, 3
Let u = -12 - -7. Let k be 2 + (u - -2)/3. Let t(p) = 7*p**2 - p. List the prime factors of t(k).
2, 3
Let r be (-1 + (-1 - -3))*1. What are the prime factors of 10 - (-1 + 2)*r?
3
Suppose -2*x + 29 = -7. List the prime factors of x.
2, 3
Suppose 4*x - 19 = -6*f + 3*f, -5*x + 2*f = -41. Let k = x - 4. List the prime factor